{"id":2,"date":"2013-05-27T12:28:12","date_gmt":"2013-05-27T10:28:12","guid":{"rendered":"http:\/\/www.blume-art.de\/wordpress\/?page_id=2"},"modified":"2013-12-20T00:22:53","modified_gmt":"2013-12-19T22:22:53","slug":"2-2","status":"publish","type":"page","link":"http:\/\/www.blume-art.de\/wordpress\/?page_id=2","title":{"rendered":"K\u00dcNSTLERIN"},"content":{"rendered":"<div align=\"center\">\n<table border=\"0\" width=\"100%\">\n<tbody>\n<tr>\n<td height=\"97\" valign=\"top\" align=\"left\"><span style=\"font-family: Arial,Helvetica,sans-serif;\"><b><span style=\"color: #cc0000; font-size: xx-large;\"><a href=\"http:\/\/www.blume-art.de\/wordpress\/wp-content\/uploads\/2013\/05\/6-.jpg\"><\/a>\u00a0<a href=\"http:\/\/www.blume-art.de\/wordpress\/wp-content\/uploads\/2013\/05\/5-.jpg\"><\/a><br \/><span style=\"color: #ed113d;\">PETRA BLUME<\/p>\n<p><span style=\"font-family: Arial,Helvetica,sans-serif;\"><b><span style=\"color: #cc0000; font-size: xx-large;\"><a href=\"http:\/\/www.blume-art.de\/wordpress\/wp-content\/uploads\/2013\/05\/6-.jpg\"><img decoding=\"async\" loading=\"lazy\" class=\"alignnone size-medium wp-image-201\" alt=\"6\" src=\"http:\/\/www.blume-art.de\/wordpress\/wp-content\/uploads\/2013\/05\/6--300x225.jpg\" width=\"477\" height=\"370\" \/><\/a><\/span><\/b><\/span>\u00a0<\/span><\/span><\/b><br \/>\n<b><\/p>\n<p><span style=\"color: #c0c0c0;\">K\u00fcnstlerin \/\u00c4rztin<br \/><span style=\"color: #c0c0c0;\"><br \/>\n<\/span>Freischaffend<br \/><\/span><\/b><\/span><span style=\"color: #c0c0c0;\"><b><span style=\"font-family: Arial,Helvetica,sans-serif;\"><span style=\"color: #ffffff;\">ZEITGEN\u00d6SSISCHE KUNST<\/span> <span style=\"color: #c0c0c0;\" color=\"#c0c0c0\">[KONZEPTkunst]\u00a0\u00a0\u00a0\u00a0\u00a0\u00a0\u00a0\u00a0\u00a0\u00a0\u00a0\u00a0\u00a0\u00a0\u00a0\u00a0\u00a0\u00a0\u00a0\u00a0\u00a0\u00a0\u00a0\u00a0\u00a0\u00a0\u00a0\u00a0\u00a0\u00a0\u00a0\u00a0\u00a0\u00a0\u00a0\u00a0\u00a0\u00a0\u00a0\u00a0\u00a0\u00a0\u00a0\u00a0\u00a0\u00a0\u00a0\u00a0\u00a0\u00a0\u00a0\u00a0\u00a0\u00a0\u00a0\u00a0\u00a0\u00a0\u00a0\u00a0\u00a0\u00a0\u00a0\u00a0\u00a0\u00a0\u00a0\u00a0\u00a0\u00a0\u00a0 <br \/>Malerei\/Grafik\/Objekt\/Installation\/Video\/Performance<\/span> <br \/><\/span><\/b><span style=\"font-family: Arial,Helvetica,sans-serif;\"><span style=\"font-family: Arial,Helvetica,sans-serif;\"><\/span><br \/>\n<\/span><\/span><\/td>\n<td height=\"97\" valign=\"top\" align=\"right\"><span style=\"color: #c0c0c0;\"><br \/>\n<\/span><\/p>\n<div align=\"right\"><span style=\"color: #c0c0c0;\">\u00a0<\/span><\/div>\n<\/td>\n<\/tr>\n<\/tbody>\n<\/table>\n<p style=\"text-align: left;\"><span style=\"color: #c0c0c0;\"><strong>VITA<\/strong><\/span><br \/><span style=\"color: #c0c0c0;\">1953* Magdeburg \/ lebt und arbeitet seit 1985 in Bayern\u00a0\u00a0\u00a0\u00a0\u00a0\u00a0\u00a0<\/span><br \/><span style=\"color: #c0c0c0;\">1972-78 Medizinstudium\/Promotion\/ Fach\u00e4rztin\u00a0Radiologie bis 1992<\/span><br \/><span style=\"color: #c0c0c0;\">1985 Flucht aus der DDR<\/span><br \/><span style=\"color: #c0c0c0;\">1992- 98 Studium Europ\u00e4ische Kunstakademie Trier und private Kunstausbildungen<\/span><br \/><span style=\"color: #c0c0c0;\">seit 1998 freischaffend<\/span><\/p>\n<p><span style=\"color: #c0c0c0;\">2002-2006 Begr\u00fcnderin\/ Organisatorin des K\u00fcnstlerprojektes \u201eMACHT-FRIEDEN\u201c e.V.\u00a0\u00a0\u00a0\u00a0\u00a0\u00a0\u00a0\u00a0\u00a0\u00a0\u00a0\u00a0\u00a0\u00a0\u00a0\u00a0\u00a0\u00a0\u00a0<\/span><br \/><span style=\"color: #c0c0c0;\">2003\u00a0 III. internationales Kunstfestival Mgbg &#8211;\u00a0 1. Preis f\u00fcr Performance<b><\/b><\/span><\/p>\n<p align=\"left\">\n<p style=\"text-align: left;\"><span style=\"color: #c0c0c0;\">Mitglied des Berufsverbandes Bildender K\u00fcnstler W\u00fcrzburg und der Vereinigung\u00a0Kunstschaffender Unterfrankens<\/span><\/p>\n<p style=\"text-align: left;\"><span style=\"color: #c0c0c0;\">Zahlreiche Gruppen- und Einzelausstellungen in fast allen Bundesl\u00e4ndern , Italien<\/span><\/p>\n<p><span style=\"color: #c0c0c0;\">Letzte gro\u00dfe regionale Einzelausstellungen:\u00a0\u00a0\u00a0\u00a0\u00a0\u00a0\u00a0\u00a0\u00a0\u00a0\u00a0\u00a0\u00a0\u00a0\u00a0\u00a0\u00a0\u00a0\u00a0\u00a0\u00a0\u00a0\u00a0\u00a0\u00a0\u00a0\u00a0\u00a0\u00a0\u00a0\u00a0\u00a0\u00a0\u00a0\u00a0\u00a0\u00a0\u00a0\u00a0\u00a0 <\/span><br \/><span style=\"color: #c0c0c0;\"><br \/>2006\u00a0 Rauminstallation &amp; Performance\u00a0\u201eERINNERUNGS-FELDER\u201c<br \/>[ GalerieSPIT\u00c4LEW\u00fcrzburg ]\u00a0\u00a0\u00a0\u00a0\u00a0\u00a0\u00a0\u00a0\u00a0\u00a0\u00a0\u00a0\u00a0\u00a0\u00a0\u00a0\u00a0\u00a0\u00a0\u00a0\u00a0\u00a0\u00a0\u00a0\u00a0\u00a0\u00a0\u00a0\u00a0\u00a0\u00a0\u00a0\u00a0\u00a0\u00a0\u00a0\u00a0\u00a0\u00a0\u00a0\u00a0\u00a0\u00a0\u00a0\u00a0\u00a0\u00a0\u00a0\u00a0\u00a0\u00a0\u00a0\u00a0\u00a0\u00a0\u00a0\u00a0\u00a0\u00a0\u00a0\u00a0\u00a0\u00a0\u00a0\u00a0\u00a0\u00a0\u00a0\u00a0\u00a0\u00a0\u00a0\u00a0\u00a0\u00a0\u00a0\u00a0\u00a0\u00a0\u00a0\u00a0 <br \/>2008 Rauminstallation &amp; Performance \u201eAUS-SICHT\u201c[BBKGalerie KULTURSPEICHER\u00a0W\u00fcrzburg]<\/span><br \/><span style=\"color: #c0c0c0;\">2010Rauminstallation\u00a0Performance&#8220;INNOCENCE&#8220;[GalerieSPIT\u00c4LE W\u00fcrzburg]<\/span><\/p>\n<p><span style=\"color: #c0c0c0;\"><strong>ARBEITEN<\/strong>\u00a0\u00a0\u00a0\u00a0\u00a0\u00a0\u00a0\u00a0\u00a0\u00a0\u00a0\u00a0\u00a0\u00a0\u00a0\u00a0\u00a0\u00a0\u00a0\u00a0\u00a0\u00a0\u00a0\u00a0\u00a0\u00a0\u00a0\u00a0\u00a0\u00a0\u00a0\u00a0\u00a0\u00a0\u00a0\u00a0\u00a0\u00a0\u00a0\u00a0\u00a0\u00a0\u00a0\u00a0\u00a0\u00a0\u00a0\u00a0\u00a0\u00a0\u00a0\u00a0\u00a0\u00a0\u00a0\u00a0\u00a0\u00a0\u00a0\u00a0\u00a0\u00a0\u00a0\u00a0\u00a0\u00a0\u00a0\u00a0\u00a0\u00a0\u00a0\u00a0\u00a0\u00a0\u00a0\u00a0\u00a0\u00a0\u00a0\u00a0\u00a0\u00a0\u00a0\u00a0\u00a0\u00a0\u00a0\u00a0\u00a0\u00a0\u00a0\u00a0\u00a0\u00a0\u00a0\u00a0\u00a0\u00a0\u00a0\u00a0<\/span><\/p>\n<p align=\"left\"><span style=\"color: #c0c0c0;\">MALEREI &#8211; DRUCK &#8211; GRAFIK\u00a0-OBJEKT-FOTOGRAFIE<\/span><br \/><span style=\"color: #c0c0c0;\">[VIDEO\/RAUM]-<br \/>\nINSTALLATIONEN\u00a0&#8211; PERFORMANCES<br \/>\n<\/span><\/p>\n<p style=\"text-align: center;\" align=\"left\"><span style=\"color: #c0c0c0;\">Themenbezogene Arbeiten in Serie: <\/span><br \/><span style=\"color: #c0c0c0;\">Polyptychen in Acryl, Tafelbilder, Fotografie-Prints ,\u00a0 vielteilige bewegliche Objekte und audiovisuelle-Installationen,Rauminstallationen,Videoclips\u00a0<\/span><br \/><span style=\"color: #c0c0c0;\">und Performances [\u00a0 z.T. ist die K\u00fcnstlerin selbst\u00a0Bestandteil des Kunstwerkes]\u00a0\u00a0<\/span><br \/><span style=\"color: #c0c0c0;\">bevorzugt Kombinationen\u00a0unterschiedlichster\u00a0 Stilmittel und\u00a0genre\u00fcbergreifende Gemeinschaftswerke\u00a0<\/span><br \/><span style=\"color: #c0c0c0;\">klare Formensprache mit intensiver Farb- und Kontrastgestaltung\u00a0 bevorzugt auch\u00a0Arbeiten in\u00a0Schwarz\/Wei\u00df<\/span><\/p>\n<p><span style=\"color: #c0c0c0;\"><strong>INH<\/strong><strong>ALTE<\/strong><strong><br \/><\/strong><\/span><br \/><span style=\"color: #c0c0c0;\">Die k\u00fcnstlerischen Arbeiten spiegeln die intensive Auseinandersetzung mit der unendlich vielf\u00e4ltigen Variabilit\u00e4t des Lebens im Kontext komplexer sozialer Zusammenh\u00e4nge und\u00a0 evolution\u00e4rer Abl\u00e4ufe wieder. Philosophische, politische und humanistische Aspekte\u00a0in Grenzsituationen\u00a0spielen eine zentrale Rolle.<\/span><br \/><span style=\"font-family: Arial,Helvetica,sans-serif;\"><span style=\"color: #c0c0c0;\">\u00a0<\/span><br \/><a href=\"http:\/\/www.blume-art.de\/wordpress\/wp-content\/uploads\/2013\/05\/5-.jpg\"><img decoding=\"async\" loading=\"lazy\" alt=\"5\" src=\"http:\/\/www.blume-art.de\/wordpress\/wp-content\/uploads\/2013\/05\/5--300x225.jpg\" width=\"530\" height=\"366\" \/><\/a><\/p>\n<p>\u00a0\u00a0\u00a0\u00a0\u00a0\u00a0\u00a0\u00a0\u00a0\u00a0\u00a0 <strong>ATELIER : Blume ARTep<\/strong><br \/>\u00a0\u00a0\u00a0\u00a0\u00a0\u00a0\u00a0\u00a0\u00a0\u00a0\u00a0 Metzgergasse 16<br \/>\u00a0\u00a0\u00a0\u00a0\u00a0\u00a0\u00a0\u00a0\u00a0 \u00a097421 Schweinfurt<br \/><a href=\"http:\/\/www.blume-art.de\/wordpress\/wp-content\/uploads\/2013\/05\/3-2.jpg\"><img decoding=\"async\" class=\"aligncenter size-full wp-image-699\" alt=\"3\" src=\"http:\/\/www.blume-art.de\/wordpress\/wp-content\/uploads\/2013\/05\/3-2.jpg\" \/><\/a><\/p>\n<p><a href=\"http:\/\/www.blume-art.de\/wordpress\/wp-content\/uploads\/2013\/08\/7-1.jpg\"><\/a><\/span><\/p>\n<\/div>\n","protected":false},"excerpt":{"rendered":"<p>\u00a0PETRA BLUME \u00a0 K\u00fcnstlerin \/\u00c4rztin FreischaffendZEITGEN\u00d6SSISCHE KUNST [KONZEPTkunst]\u00a0\u00a0\u00a0\u00a0\u00a0\u00a0\u00a0\u00a0\u00a0\u00a0\u00a0\u00a0\u00a0\u00a0\u00a0\u00a0\u00a0\u00a0\u00a0\u00a0\u00a0\u00a0\u00a0\u00a0\u00a0\u00a0\u00a0\u00a0\u00a0\u00a0\u00a0\u00a0\u00a0\u00a0\u00a0\u00a0\u00a0\u00a0\u00a0\u00a0\u00a0\u00a0\u00a0\u00a0\u00a0\u00a0\u00a0\u00a0\u00a0\u00a0\u00a0\u00a0\u00a0\u00a0\u00a0\u00a0\u00a0\u00a0\u00a0\u00a0\u00a0\u00a0\u00a0\u00a0\u00a0\u00a0\u00a0\u00a0\u00a0\u00a0\u00a0 Malerei\/Grafik\/Objekt\/Installation\/Video\/Performance \u00a0 VITA1953* Magdeburg \/ lebt und arbeitet seit 1985 in Bayern\u00a0\u00a0\u00a0\u00a0\u00a0\u00a0\u00a01972-78 Medizinstudium\/Promotion\/ Fach\u00e4rztin\u00a0Radiologie bis 19921985 Flucht aus der DDR1992- 98 Studium Europ\u00e4ische Kunstakademie Trier und private Kunstausbildungenseit 1998 freischaffend 2002-2006 Begr\u00fcnderin\/ &hellip; <a href=\"http:\/\/www.blume-art.de\/wordpress\/?page_id=2\">Weiterlesen <span class=\"meta-nav\">&rarr;<\/span><\/a><\/p>\n","protected":false},"author":1,"featured_media":0,"parent":0,"menu_order":0,"comment_status":"closed","ping_status":"closed","template":"","meta":[],"_links":{"self":[{"href":"http:\/\/www.blume-art.de\/wordpress\/index.php?rest_route=\/wp\/v2\/pages\/2"}],"collection":[{"href":"http:\/\/www.blume-art.de\/wordpress\/index.php?rest_route=\/wp\/v2\/pages"}],"about":[{"href":"http:\/\/www.blume-art.de\/wordpress\/index.php?rest_route=\/wp\/v2\/types\/page"}],"author":[{"embeddable":true,"href":"http:\/\/www.blume-art.de\/wordpress\/index.php?rest_route=\/wp\/v2\/users\/1"}],"replies":[{"embeddable":true,"href":"http:\/\/www.blume-art.de\/wordpress\/index.php?rest_route=%2Fwp%2Fv2%2Fcomments&post=2"}],"version-history":[{"count":99,"href":"http:\/\/www.blume-art.de\/wordpress\/index.php?rest_route=\/wp\/v2\/pages\/2\/revisions"}],"predecessor-version":[{"id":780,"href":"http:\/\/www.blume-art.de\/wordpress\/index.php?rest_route=\/wp\/v2\/pages\/2\/revisions\/780"}],"wp:attachment":[{"href":"http:\/\/www.blume-art.de\/wordpress\/index.php?rest_route=%2Fwp%2Fv2%2Fmedia&parent=2"}],"curies":[{"name":"wp","href":"https:\/\/api.w.org\/{rel}","templated":true}]}}